 common factor of h and 34?
2
Let m(o) = o**3 - 20*o**2 + 8*o - 60. Let c be m(20). Let r = -11 + 51. Calculate the highest common divisor of r and c.
20
Suppose 0 = -11*p + 8*p + 5*u + 45, -2*p - 5*u = -5. Calculate the greatest common factor of p and 110.
10
Suppose -21*z + 3355 - 835 = 0. Suppose 3*p - 92 = -u - 4*u, -4*u - 56 = -3*p. Calculate the highest common factor of z and p.
24
Let d(k) = -3*k**2 - 31*k + 44. Let w be d(-10). Let n = 323 + -188. Calculate the highest common divisor of w and n.
27
Suppose 3*w + 2*b - 232 = 0, 2*w + 2*b + 236 = 5*w. Calculate the greatest common factor of w and 806.
26
Suppose 2 = u - 3, 3*z - 37 = -5*u. Suppose 2*q - 54 = -2*s - 2*s, 0 = z*s. Let w be (-12)/(-9)*q*2. Calculate the greatest common divisor of 8 and w.
8
Let q(f) = -f**3 - 7*f**2 + 17*f + 3. Let v be q(-9). Suppose -3*m - m - 18 = -n, -3*n = 2*m - v. Calculate the highest common divisor of 6 and n.
6
Suppose 0 = -0*u - 3*u + 33. Suppose 0 = x - 2 - u. Let m = 169 + -78. Calculate the highest common factor of m and x.
13
Let n = 43 + -10. Let c = n + -20. What is the highest common factor of c and 13?
13
Let d(c) = 2*c**3 - 13*c**2 - 26*c + 22. Let m be d(8). Calculate the highest common factor of m and 1698.
6
Suppose 18 = 4*n - 2*a, -3*n - n - 5*a - 17 = 0. Suppose 0 = 5*x, n*x + 3*x = 3*v. Suppose 3*t = -v*t + 81. What is the greatest common factor of 9 and t?
9
Let i = -466 - -570. Calculate the greatest common factor of i and 91.
13
Suppose -j - f = -95, -j - 525 = -6*j + 5*f. What is the greatest common divisor of 25 and j?
25
Suppose 0 = 2*u - 5*f + 1 + 5, 5*u - 27 = 2*f. Suppose 11*r - 1160 = u*r. Suppose -5*y = -160 - r. Calculate the highest common factor of 10 and y.
10
Let x = -816 + 872. Let r be 12 + 1/((-1)/(-2)). What is the greatest common divisor of r and x?
14
Let b = -178 + 188. What is the highest common factor of 50 and b?
10
Let d = 4 - -158. What is the greatest common factor of d and 45?
9
Let q(l) = 4*l**2 - 31. Let o be q(7). Calculate the highest common divisor of o and 55.
55
Let b(n) = n**3 + 3*n**2 - 1. Let a be b(-2). Suppose x = -5*v + 22, -a*v + 2 + 1 = 4*x. Let f = -39 + 84. What is the greatest common factor of v and f?
5
Suppose 5*b = -3*b + 336. Suppose 0*p + b = 3*p. Calculate the greatest common factor of p and 63.
7
Let z(o) = -o. Let s(y) = -6*y + 11. Let r(q) = -s(q) + 3*z(q). Let p be r(7). Let h be (-8)/(-3) - 4/6. Calculate the highest common factor of p and h.
2
Let a = 50 + -48. Suppose -2*w + 0 = -a*k + 16, 2*k = -3*w - 9. Calculate the highest common factor of 33 and k.
3
Let m(b) = -b**3 + 4*b**2 + 2*b - 6. Let q be m(4). Suppose -h = r - 32, q*h - 5*r + 127 = 6*h. Calculate the highest common divisor of h and 3.
3
Suppose -4*l + a = -a - 140, 0 = 5*l - 5*a - 185. Calculate the highest common divisor of l and 11.
11
Let l(f) = 11*f - 38. Let h be l(7). Suppose 0 = -3*c + j + 61, 2*j - 3*j + h = 2*c. What is the greatest common factor of 10 and c?
10
Suppose 2*w + 3*w = 185. Let y = 61 - w. Calculate the highest common divisor of 16 and y.
8
Let q(r) = -r**2 - 3*r + 25. Let s be q(0). Suppose -4*m - m + s = 0. Suppose 121 = m*w - 19. What is the highest common factor of 196 and w?
28
Let n(v) = -27*v + 158. Let y be n(5). Calculate the greatest common divisor of y and 575.
23
Suppose 0 = -4*j - 62 + 14. Let h = j + 4. Let t be h*((-28)/(-16) + -4). Calculate the greatest common divisor of t and 45.
9
Suppose 2058 = 414*c - 407*c. What is the highest common divisor of 6 and c?
6
Suppose -4*u + s + 2331 = 0, 4*u - 2340 = -2*s + 6*s. What is the highest common divisor of u and 18?
6
Let t(m) = 17*m**3 - 10*m**2 - 19*m - 13. Let b be t(6). Calculate the greatest common divisor of b and 65.
65
Let c(q) = 4*q**2 - 4*q - 25. Let u(i) = -11*i**2 + 12*i + 75. Let f(v) = -8*c(v) - 3*u(v). Let j be f(-5). What is the greatest common divisor of 50 and j?
10
Let f be (-506107)/(-714) + (-10)/24*2. What is the greatest common factor of 24 and f?
12
Suppose -7*d + 3*d - 4*o + 592 = 0, 0 = -5*d + o + 710. Let n = 21 + -10. Calculate the greatest common divisor of d and n.
11
Let x be 36*(4/(-3) - -2). Let r be (-7)/(28/x)*(-52)/4. What is the greatest common divisor of r and 52?
26
Let o be 190 - (2 + (3 - 7)). What is the greatest common divisor of 112 and o?
16
Suppose 32*j + 44*j = 9120. What is the greatest common divisor of 40 and j?
40
Suppose -21 = -l + 9. What is the highest common divisor of l and 160?
10
Suppose -3*l - l + y + 13 = 0, 12 = 4*y. What is the highest common factor of 2 and l?
2
Suppose -89 = 2*f - 39. Let l = 29 + f. What is the greatest common factor of 28 and l?
4
Let p be -5 + 14 - (-664 + -2). What is the greatest common divisor of p and 15?
15
Let q = -295 + 310. What is the greatest common factor of q and 30?
15
Let q be (8 - 18)*2/(-5). Calculate the greatest common divisor of 28 and q.
4
Suppose u = -0*u. Suppose -2*t - 3 - 5 = u. Let m be t/(-8)*1*20. Calculate the highest common divisor of 20 and m.
10
Let j(v) = -15*v + 37. Let w be j(22). Let b = w + 608. What is the highest common factor of 35 and b?
35
Suppose -3*p + 3*g = 0, -3*p + 3 = -g - 1. Suppose p*l - 85 = -o, 5*o + 2*l - l = 407. Let j = o - 21. What is the highest common divisor of 12 and j?
12
Suppose 12*r - 16*r = -12. Suppose -q + r*q = 6. Calculate the highest common factor of 9 and q.
3
Suppose -4005 = -15*r + 6*r. What is the greatest common factor of 267 and r?
89
Suppose 3*m = a - 0*a - 83, -2*a + m + 166 = 0. Let y = -53 + a. What is the highest common divisor of y and 75?
15
Suppose -o = 2*v + 38 - 127, 2*o - 94 = -2*v. What is the greatest common factor of v and 798?
42
Suppose -21*p - 217 + 6601 = 0. What is the highest common divisor of 190 and p?
38
Suppose 0 = -18*w + 23*w - 410. Calculate the highest common factor of 2 and w.
2
Let v be 81*1*5/3. Let k(z) = 38*z - 61. Let j be k(2). What is the greatest common divisor of j and v?
15
Let t be 4/16 + (-70)/(-8). Let c(u) = 6*u**2 + 4*u + 3. Let w be c(-2). Let f = w - t. Calculate the highest common factor of 10 and f.
10
Let x(r) = r**2 - 5*r. Suppose -2*k - 5 = 2*z + 3, -4*k = 5*z + 23. Let m be x(z). Calculate the highest common factor of 21 and m.
21
Suppose 3*j = -2*j + 105. Let u(d) = 3*d + 16. Let v be u(4). Suppose 20*m + v = 22*m. Calculate the highest common divisor of j and m.
7
Let q be (-3 - -192) + -2*(-4)/(-4). What is the highest common factor of 44 and q?
11
Let u be 8/(-1)*78/(-48). Suppose -42 + 146 = 2*f. Calculate the greatest common divisor of u and f.
13
Suppose 3*k = 4*g + g - 1, -4*g = -5*k - 19. Let p(q) = -q**2 - 8*q + 8. Let i be p(-7). Let h = k + i. What is the greatest common factor of h and 12?
4
Suppose 5*t = -f + 25, -5*f = -3*f - 5*t + 10. Let o(z) = -z**3 + 5*z**2 + 3*z + 9. Let m be o(f). Calculate the greatest common divisor of m and 60.
12
Let v = -29 - -75. Suppose -11*w + v = -152. What is the greatest common divisor of w and 36?
18
Let n be 6/39 - (-1656)/52. What is the highest common factor of 64 and n?
32
Suppose -2*k + 107 = 43. Let f = -4 + 28. Calculate the highest common divisor of f and k.
8
Suppose 35*o - 2254 = 2261. Calculate the greatest common factor of o and 688.
43
Suppose 35*c = 50*c - 60. Let b = 6 + -3. Suppose -14 = -2*m + b*h, 4*m - 3*h - 10 = 3*m. What is the highest common factor of c and m?
4
Let i(n) = 18*n - 15. Let h be (-3)/18 - (-2)/((-12)/(-19)). Let m be i(h). What is the highest common divisor of 26 and m?
13
Let d(p) = -16*p - 10. Let w be d(-5). Suppose q - w + 38 = 0. Calculate the greatest common factor of q and 96.
32
Suppose 4*n - 1004 - 180 = 0. Let k be n/6 + (-8)/24. Let b = -21 + k. What is the greatest common factor of b and 4?
4
Let u(z) = z**3 - 8*z**2 + 9*z - 5. Let l be u(8). Let g = 79 - l. What is the greatest common factor of 48 and g?
12
Let j be 1 - -8 - -2 - (17 - 19). What is the greatest common divisor of 91 and j?
13
Let u = -156 - -238. What is the highest common divisor of 41 and u?
41
Suppose 5*n = -y + 30, 4*y + 111 = 5*n + 306. What is the highest common divisor of 315 and y?
45
Let h be -5*5/((-25)/2)*4. Suppose -h*l = -5*l - 1320. Calculate the highest common factor of l and 40.
40
Let q be -10*(-6)/(1 + 2). Let f = q - 15. Calculate the 